 units digit of g?
8
Let z(k) = -8*k**2 - k + 5 + 6 - 3 - k**3. Let v be z(-8). Suppose 4*u - 12 = v. What is the units digit of u?
7
Suppose 3*k - 2*c - 24 = -5*c, 4*k - 4*c = -8. Suppose 5*a = k*n + 247, 4*n = -4*a + 9*a - 251. What is the units digit of a?
7
Let y(f) = 3*f**3 + 2*f**2 - f + 2. What is the units digit of y(3)?
8
Suppose 6*b = 44 + 58. What is the units digit of b?
7
Let b(m) = -m**3 - 4*m**2 - 5 + 1 - 1 + 2*m - 4*m. What is the units digit of b(-4)?
3
Let r(m) = -6*m - 10. Let i be r(-7). Suppose -5*h - 12 = -i. What is the units digit of h?
4
Let x(h) = h**2 + 6*h + 1. Let r(d) = d + 1. Let l(z) = -3*r(z) - x(z). Suppose 5*b - 2*b - 4*n - 1 = 0, -5 = -3*b + 5*n. What is the units digit of l(b)?
6
Let l(i) be the first derivative of -3*i**2/2 - 4*i + 1. Suppose 2*o + 24 = -5*z, -z = -6*z - 10. What is the units digit of l(o)?
7
Suppose 0 = 3*s - 75. Suppose 2*g - 89 = -s. What is the units digit of g?
2
Let j be (-4 + 8)/(2/2). Let k = j - -6. What is the tens digit of k?
1
Let b be 6/2 - (-1 - -1). Let y(c) = c**2 - c. Let w be y(2). Suppose 17 = b*x - s, -4*s + w*s = 10. What is the units digit of x?
4
Let v(l) = -l**3 - 2*l**2 + 3. Let c be v(-3). Let y = c + -7. Suppose -y = 5*x - 20. What is the units digit of x?
3
Let a(p) = 7*p**3 - p + 2. What is the units digit of a(2)?
6
Let u = 38 + -26. Let b = -6 + u. What is the units digit of b?
6
Let p(g) = 7*g - 1. What is the units digit of p(1)?
6
Suppose 0 = 5*j - 24 - 51. What is the tens digit of j?
1
Let v = 9 - 14. Let s(n) be the second derivative of -n**3/3 + 5*n**2/2 + 16*n - 2. What is the tens digit of s(v)?
1
Let f = 486 - 286. What is the tens digit of f?
0
Let v be (-46)/(-14) - (-4)/(-14). Let l = 0 - v. Let u = l - -10. What is the units digit of u?
7
Suppose 3*x + 35 = 8*x + 3*t, -3*t = 3*x - 21. Suppose -4*u + 11 = 4*y - 7*u, y - 5*u = x. What is the units digit of y?
2
Let z = -4 - -9. Let t = z + 1. What is the units digit of t?
6
Let o = -47 + 81. Let v be (-1)/4 + 71/(-4). Let u = v + o. What is the units digit of u?
6
Let q = -2 + 4. Suppose -a = q*a - 9. What is the units digit of a?
3
Suppose 5*d - 5*u = 261 - 26, -u + 97 = 2*d. What is the units digit of d?
8
Suppose 8*l - 15 = 5*l. Suppose k = l*d + 2*k - 86, -3*k = 3*d - 42. What is the units digit of d?
8
What is the tens digit of (2 - 6) + (83 - 0)?
7
Let z = -148 - -225. What is the tens digit of z?
7
Suppose -k - 17 = -56. What is the units digit of k?
9
Suppose 1 = 5*b - 4. Suppose -3*j + 13 - b = 0. Suppose 0 = -3*f - 2*s + 10, j*f - 5*f + 2*s = -14. What is the units digit of f?
6
Let j(c) = -c**3 - 4*c**2 + 5*c - 4. Let h be j(-5). Suppose 2*k = k + 3, -3*r - k + 9 = 0. Let y = r - h. What is the units digit of y?
6
Let w(u) be the third derivative of -u**5/60 - u**4/3 + u**3/6 + 3*u**2. What is the units digit of w(-7)?
8
Let v(d) = 3*d - 3. Let r(f) = -7*f + 6. Let u(i) = 3*r(i) + 5*v(i). Let h be u(4). Let c = h - -31. What is the units digit of c?
0
Let b be -12*(-4)/(8*-1). Let x(u) = -u**2 - 13*u - 4. What is the units digit of x(b)?
8
What is the units digit of 7/(1 - (3 - 3))?
7
Let q(u) be the third derivative of -u**6/120 - u**5/60 + u**4/24 + 3*u**3 - 3*u**2. Let g be q(0). Suppose -4*p + 22 + g = 0. What is the tens digit of p?
1
Let p(b) = -2*b**2 + 15*b + 3. Let y = 5 + -10. Let d(s) = -s**2 + 8*s + 2. Let r(g) = y*d(g) + 3*p(g). What is the units digit of r(4)?
3
What is the units digit of 16/(-40) - (-37)/5?
7
Let k = -2 - 15. Let n = k - -31. Suppose 0*g + n = 2*g. What is the units digit of g?
7
Let m(c) be the first derivative of c**4/4 + 7*c**3/3 - c**2 + 8*c - 4. What is the tens digit of m(-7)?
2
Let p be 1/(-2)*0 - 0. Suppose -5*i + p*i = -50. What is the tens digit of i?
1
Let v(z) = -3*z**3 + z**2 + z - 1. Let o be v(1). Suppose 113 = -6*j - 25. Let m = o - j. What is the units digit of m?
1
Let y = -110 + 154. Suppose 3*w - 5*k - y = -0*w, -4*w = 2*k - 76. What is the units digit of w?
8
Let l be 5*(-1)/10*-4. Let s(j) = 2 + 5*j - 2*j + j**2 - 2*j**2. What is the units digit of s(l)?
4
Suppose 4*r - 35 = -0*n - 5*n, -3*r = 5*n - 30. What is the units digit of r?
5
Suppose -5*f = 3*z - 6*z + 375, -4*f = -4*z + 492. What is the hundreds digit of z?
1
What is the tens digit of (-154)/7*10/(-4)?
5
What is the tens digit of 1 - (-70 - (1 - 1))?
7
Let h(a) = -11*a - 4. Let p(b) = 23*b + 8. Let m(l) = 13*h(l) + 6*p(l). What is the tens digit of m(-7)?
3
Suppose -2*z - y + 35 = 4*y, -5*z - 2*y + 98 = 0. What is the tens digit of z?
2
Let w = -5 - -4. Let j = 14 + w. What is the units digit of j?
3
What is the units digit of (2/4 - 0)*(0 - -210)?
5
Let v(z) = 5*z**2 - z + 2. What is the tens digit of v(-2)?
2
Suppose -22 = -2*z + 4. Suppose -2*u + 3 = -z. What is the units digit of u?
8
Let g(a) = 2*a + 7. Let f be g(-6). Let m(z) = -z**3 - 4*z**2 + 2*z + 5. What is the units digit of m(f)?
0
Suppose 0 = 5*j - j - 4*l - 12, -2*l + 29 = 5*j. Let q = -8 + j. Let n = q + 8. What is the units digit of n?
5
Suppose a = 4*a. Suppose a = -5*j + 100. Suppose 5*p - g - g = 35, -5*p = -5*g - j. What is the units digit of p?
9
What is the units digit of (4023/12)/1 - 6/(-8)?
6
Let y be (-28)/(-12) - (-2)/3. Suppose -4*g + 9 = -y. Let s(x) = 3*x - 1. What is the units digit of s(g)?
8
Let x be 2/(-6) - (-10)/3. Suppose 2*k + x*k = 15. Suppose 0*q + k*q - 3 = 0. What is the units digit of q?
1
Let q(c) = 191*c**3 + 2*c**2 - c - 1. What is the units digit of q(1)?
1
Suppose -14 = -2*l - 36. Let c(d) = d**3 + 11*d**2 - d - 8. Let q be c(l). What is the units digit of 10 + q/(-6)*6?
7
Suppose 31 = 2*z + b, -2*b + 2 = -4. What is the tens digit of z?
1
Suppose -4*c + 2*c = -4. Suppose -c*l + l = -10. What is the tens digit of l?
1
Suppose 2 = -2*p - 2. Let y be 18 - (p + (-2)/(-2)). Let l = 27 - y. What is the units digit of l?
8
Let y be -39 + ((-2)/2)/(-1). Let b be (-4)/(-14) + y/(-14). Suppose -15 = -l - c, b*l - 7*c + 2*c = 13. What is the tens digit of l?
1
Let y(a) = -2*a - 7. Let d be y(-3). What is the tens digit of 58 - (-1 - d)/(-4)?
5
Suppose 1120 = 3*c + 4*c. What is the units digit of c?
0
Let r(p) = -p**3 + p - 1. Let a(h) = 3*h**3 - 3*h - 16. Let f(t) = -a(t) - 4*r(t). What is the units digit of f(0)?
0
Let w(u) = -2*u**2 + 0 + 0 - 6*u + 4. What is the units digit of w(-3)?
4
Suppose 0 = g - 6. Suppose 0 = 2*j, 0*h - 3*h + 3*j = -g. Let m = h + 13. What is the tens digit of m?
1
Let c(f) = 74*f - 3. What is the hundreds digit of c(3)?
2
What is the tens digit of 45 - (-3)/(6/2)?
4
Let c = 18 - 3. Suppose -n + m + c = 0, -3*m = -n - 8*m + 45. What is the tens digit of n?
2
Let o = 5 + -4. What is the units digit of -4*((-3)/(-12) - o)?
3
What is the tens digit of 1 - (-54)/12*(-392)/(-6)?
9
Let y(l) = -l**3 + 4*l**2 - 4*l + 2. Let o be y(2). Suppose -o*r + 3*r = 2. Suppose 14 = r*g - 2. What is the units digit of g?
8
Suppose -a = -0*a + 3*n + 23, 5*a - n + 35 = 0. What is the tens digit of 4*(-1 - 58/a)?
2
Let i(a) be the second derivative of 4*a**2 + 0 - 3*a + 1/12*a**4 - 7/6*a**3. What is the units digit of i(6)?
2
Let d(o) = o + 7. Let u be (5/(-4))/((-2)/8). What is the tens digit of d(u)?
1
Suppose 0 = 10*t - 14*t + 288. What is the tens digit of t?
7
Let s = -7 - 1. Let z = s + 5. Let g = z - -15. What is the units digit of g?
2
Let z(s) = -16*s**3 + s**2 + 6*s + 5. What is the tens digit of z(-2)?
2
Let j(r) = 5*r - 6. Let l be j(5). Suppose -41 = -4*d + l. What is the units digit of d?
5
Suppose -d = -1 - 5. Let g = 34 - d. What is the tens digit of g?
2
Let z be 10/1*4/10. Suppose -z = -o + 6. What is the tens digit of o?
1
Let h = -22 + 55. Suppose -3*g - h = -6*g. What is the tens digit of g?
1
Let o(b) = 3*b**2 + 26*b + 32. Let n(y) = y**2 + 9*y + 11. Let d(x) = -11*n(x) + 4*o(x). What is the units digit of d(-6)?
3
Let d = -4 - -4. Suppose d = 4*y - 31 - 17. What is the tens digit of y?
1
Suppose -2*u + 5*i = -93, -3*u = -7*u - 2*i + 198. What is the tens digit of u?
4
Suppose -2*q + 3 = 1. Let s(t) = 45*t**2 - t + 2. What is the units digit of s(q)?
6
Suppose -u = 5*r - 6, -2*r + 6 = -5*r - 3*u. Suppose 3*m = 5*b - 61, -6*b + b - r*m = -76. What is the tens digit of b?
1
Let g be (5/2)/((-6)/(-12)). Let o(i) = 2*i + 4. What is the tens digit of o(g)?
1
L